{"id":255,"date":"2016-05-09T21:48:15","date_gmt":"2016-05-09T19:48:15","guid":{"rendered":"http:\/\/muenster-maenner.de\/?page_id=255"},"modified":"2016-05-14T16:11:38","modified_gmt":"2016-05-14T14:11:38","slug":"tour-2016","status":"publish","type":"page","link":"https:\/\/muenster-maenner.de\/index.php\/tour-2016\/","title":{"rendered":"Tour 2016"},"content":{"rendered":"<p>[et_pb_section admin_label=&#8220;Sektion&#8220; fullwidth=&#8220;on&#8220; specialty=&#8220;off&#8220;][et_pb_fullwidth_slider admin_label=&#8220;Vollbreiter Slider&#8220; show_arrows=&#8220;on&#8220; show_pagination=&#8220;on&#8220; auto=&#8220;off&#8220; auto_ignore_hover=&#8220;off&#8220; parallax=&#8220;off&#8220; parallax_method=&#8220;off&#8220; remove_inner_shadow=&#8220;off&#8220; background_position=&#8220;default&#8220; background_size=&#8220;default&#8220; hide_content_on_mobile=&#8220;off&#8220; hide_cta_on_mobile=&#8220;off&#8220; show_image_video_mobile=&#8220;off&#8220; custom_button=&#8220;off&#8220; button_letter_spacing=&#8220;0&#8243; button_use_icon=&#8220;default&#8220; button_icon_placement=&#8220;right&#8220; button_on_hover=&#8220;on&#8220; button_letter_spacing_hover=&#8220;0&#8243;] [et_pb_slide heading=&#8220;Tour 2016, Baden-Baden, Schwarzwald&#8220; background_image=&#8220;https:\/\/muenster-maenner.de\/wp-content\/uploads\/2016\/05\/IMG_1675-1.jpg&#8220; background_position=&#8220;default&#8220; background_size=&#8220;default&#8220; background_color=&#8220;#ffffff&#8220; use_bg_overlay=&#8220;off&#8220; use_text_overlay=&#8220;off&#8220; alignment=&#8220;center&#8220; background_layout=&#8220;dark&#8220; allow_player_pause=&#8220;off&#8220; text_border_radius=&#8220;3&#8243; header_font_select=&#8220;default&#8220; header_font=&#8220;||||&#8220; body_font_select=&#8220;default&#8220; body_font=&#8220;||||&#8220; custom_button=&#8220;off&#8220; button_font_select=&#8220;default&#8220; button_font=&#8220;||||&#8220; button_use_icon=&#8220;default&#8220; button_icon_placement=&#8220;right&#8220; button_on_hover=&#8220;on&#8220;][\/et_pb_slide] [\/et_pb_fullwidth_slider][\/et_pb_section][et_pb_section admin_label=&#8220;Sektion&#8220; fullwidth=&#8220;off&#8220; specialty=&#8220;off&#8220;][et_pb_row admin_label=&#8220;Zeile&#8220;][et_pb_column type=&#8220;3_4&#8243;][et_pb_text admin_label=&#8220;Text&#8220; background_layout=&#8220;light&#8220; text_orientation=&#8220;left&#8220; use_border_color=&#8220;off&#8220; border_color=&#8220;#ffffff&#8220; border_style=&#8220;solid&#8220;]<\/p>\n<h3>Fotos Wanderung 2016, Schwarzwald, Baden-Baden<\/h3>\n<p>[\/et_pb_text][et_pb_gallery admin_label=&#8220;Galerie&#8220; fullwidth=&#8220;off&#8220; posts_number=&#8220;6&#8243; show_title_and_caption=&#8220;off&#8220; show_pagination=&#8220;on&#8220; background_layout=&#8220;light&#8220; auto=&#8220;off&#8220; hover_overlay_color=&#8220;rgba(255,255,255,0.9)&#8220; caption_all_caps=&#8220;off&#8220; use_border_color=&#8220;off&#8220; border_color=&#8220;#ffffff&#8220; border_style=&#8220;solid&#8220; gallery_ids=&#8220;303,351,350,349,348,347,346,345,344,343,342,341,340,339,338,337,336,335,334,333,332,331,330,329,328,327,326,324,323,322,321,320,319,318,317,316,315,314,313,312,311,310,309,308,307,306,305,304,524,525,526,527,528,529,530,531,532,533,534,535,536,537,538,539,540,541,542,543,544,545,546,547,548,549,550,551,552,553&#8243;] [\/et_pb_gallery][et_pb_text admin_label=&#8220;Text&#8220; background_layout=&#8220;light&#8220; text_orientation=&#8220;left&#8220; use_border_color=&#8220;off&#8220; border_color=&#8220;#ffffff&#8220; border_style=&#8220;solid&#8220;]<\/p>\n<h3>Portraits\u00a02016, Schwarzwald, Baden-Baden<\/h3>\n<p>[\/et_pb_text][et_pb_gallery admin_label=&#8220;Galerie&#8220; fullwidth=&#8220;off&#8220; posts_number=&#8220;6&#8243; show_title_and_caption=&#8220;off&#8220; show_pagination=&#8220;on&#8220; background_layout=&#8220;light&#8220; auto=&#8220;off&#8220; hover_overlay_color=&#8220;rgba(255,255,255,0.9)&#8220; caption_all_caps=&#8220;off&#8220; use_border_color=&#8220;off&#8220; border_color=&#8220;#ffffff&#8220; border_style=&#8220;solid&#8220; gallery_ids=&#8220;359,360,361,362,363,364,365,366,367&#8243;] [\/et_pb_gallery][\/et_pb_column][et_pb_column type=&#8220;1_4&#8243;][et_pb_code admin_label=&#8220;Code&#8220;]<div id=\"wpc-weather-id-379\" class=\"wpc-weather-id\" data-id=\"379\" data-post-id=\"255\" data-map=\"\" data-detect-geolocation=\"\" data-manual-geolocation=\"\" data-wpc-lat=\"\" data-wpc-lon=\"\" data-wpc-city-id=\"\" data-wpc-city-name=\"\" data-custom-font=\"\"><\/div>[\/et_pb_code][et_pb_text admin_label=&#8220;Text&#8220; background_layout=&#8220;light&#8220; text_orientation=&#8220;left&#8220; use_border_color=&#8220;off&#8220; border_color=&#8220;#ffffff&#8220; border_style=&#8220;solid&#8220;]<\/p>\n<h3>Tour-Beschreibung:<\/h3>\n<p><span class=\"Apple-style-span\">Die erste Nacht in Baden-Baden verbringen wir im Hotel Athos, Fremersbergstra\u00dfe 23, 76530 Baden-Baden. Zum Hotel geh\u00f6rt ein griechisches Restaurant und bevor es am Abend in Richtung Casino geht, gibt\u2019s erst mal ordentlich Gyros und Zaziki.<br \/>\n<\/span><span class=\"Apple-style-span\">\u00dcbrigens reicht f\u00fcr das Casino Sakko, Hemd und Krawatte, Anzug ist nicht n\u00f6tig. Am Donnerstag geht es dann von Baden-Baden in Richtung Murgtal. Wir starten mit einer Seilbahnfahrt auf den Merkur (Baden-Badener Hausberg) und wandern von dort aus weiter \u00fcber Gernsbach nach Lautenbach, dem Ziel unserer ersten Etappe.<br \/>\nAm Freitag geht es dann \u00fcber die Murgleiter nach Forbach und \u00fcber die Murg hinauf nach Bermersbach unserem Ziel f\u00fcr diesen Tag.<br \/>\nAm Samstag laufen wir zur\u00fcck in Richtung Schwarzwald Hochstra\u00dfe. Dabei passieren wir Einkehrm\u00f6glichkeiten an der roten Lache sowie am Scherrhof. Wir haben noch die M\u00f6glichkeit die Geroldsauer Wasserf\u00e4lle zu besichtigen, bevor wir unser Ziel, das Hotel Schwarzwaldsonne in Geroldsau erreichen, \u00dcbernachtung ca. 5 km von unserem Ausgangspunkt entfernt.<br \/>\nWer am Sonntag noch Zeit und Lust hat, kann dann noch das Friedrichsbad in Baden-Baden besuchen.\u00a0 Der ideale Ort um nach 3 Tagen Hardcore Wandern wieder Energie zu tanken<\/span><\/p>\n<h3><\/h3>\n<p>[\/et_pb_text][\/et_pb_column][\/et_pb_row][\/et_pb_section]<\/p>\n","protected":false},"excerpt":{"rendered":"<p>Fotos Wanderung 2016, Schwarzwald, Baden-Baden Portraits\u00a02016, Schwarzwald, Baden-Baden <div id=\"wpc-weather-id-379\" class=\"wpc-weather-id\" data-id=\"379\" data-post-id=\"255\" data-map=\"\" data-detect-geolocation=\"\" data-manual-geolocation=\"\" data-wpc-lat=\"\" data-wpc-lon=\"\" data-wpc-city-id=\"\" data-wpc-city-name=\"\" data-custom-font=\"\"><\/div> Tour-Beschreibung: Die erste Nacht in Baden-Baden verbringen wir im Hotel Athos, Fremersbergstra\u00dfe 23, 76530 Baden-Baden. Zum Hotel geh\u00f6rt ein griechisches Restaurant und bevor es am Abend in Richtung Casino geht, gibt\u2019s erst mal ordentlich Gyros und Zaziki. \u00dcbrigens reicht f\u00fcr das Casino Sakko, Hemd und [&hellip;]<\/p>\n","protected":false},"author":1,"featured_media":0,"parent":0,"menu_order":0,"comment_status":"closed","ping_status":"closed","template":"","meta":{"_acf_changed":false,"_et_pb_use_builder":"on","_et_pb_old_content":"","_et_gb_content_width":"","footnotes":""},"class_list":["post-255","page","type-page","status-publish","hentry"],"acf":[],"_links":{"self":[{"href":"https:\/\/muenster-maenner.de\/index.php\/wp-json\/wp\/v2\/pages\/255","targetHints":{"allow":["GET"]}}],"collection":[{"href":"https:\/\/muenster-maenner.de\/index.php\/wp-json\/wp\/v2\/pages"}],"about":[{"href":"https:\/\/muenster-maenner.de\/index.php\/wp-json\/wp\/v2\/types\/page"}],"author":[{"embeddable":true,"href":"https:\/\/muenster-maenner.de\/index.php\/wp-json\/wp\/v2\/users\/1"}],"replies":[{"embeddable":true,"href":"https:\/\/muenster-maenner.de\/index.php\/wp-json\/wp\/v2\/comments?post=255"}],"version-history":[{"count":0,"href":"https:\/\/muenster-maenner.de\/index.php\/wp-json\/wp\/v2\/pages\/255\/revisions"}],"wp:attachment":[{"href":"https:\/\/muenster-maenner.de\/index.php\/wp-json\/wp\/v2\/media?parent=255"}],"curies":[{"name":"wp","href":"https:\/\/api.w.org\/{rel}","templated":true}]}}

<p>[et_pb_section admin_label=&#8220;Sektion&#8220; fullwidth=&#8220;on&#8220; specialty=&#8220;off&#8220;][et_pb_fullwidth_slider admin_label=&#8220;Vollbreiter Slider&#8220; show_arrows=&#8220;on&#8220; show_pagination=&#8220;on&#8220; auto=&#8220;off&#8220; auto_ignore_hover=&#8220;off&#8220; parallax=&#8220;off&#8220; parallax_method=&#8220;off&#8220; remove_inner_shadow=&#8220;off&#8220; background_position=&#8220;default&#8220; background_size=&#8220;default&#8220; hide_content_on_mobile=&#8220;off&#8220; hide_cta_on_mobile=&#8220;off&#8220; show_image_video_mobile=&#8220;off&#8220; custom_button=&#8220;off&#8220; button_letter_spacing=&#8220;0&#8243; button_use_icon=&#8220;default&#8220; button_icon_placement=&#8220;right&#8220; button_on_hover=&#8220;on&#8220; button_letter_spacing_hover=&#8220;0&#8243;] [et_pb_slide heading=&#8220;Tour 2016, Baden-Baden, Schwarzwald&#8220; background_image=&#8220;https://muenster-maenner.de/wp-content/uploads/2016/05/IMG_1675-1.jpg&#8220; background_position=&#8220;default&#8220; background_size=&#8220;default&#8220; background_color=&#8220;#ffffff&#8220; use_bg_overlay=&#8220;off&#8220; use_text_overlay=&#8220;off&#8220; alignment=&#8220;center&#8220; background_layout=&#8220;dark&#8220; allow_player_pause=&#8220;off&#8220; text_border_radius=&#8220;3&#8243; header_font_select=&#8220;default&#8220; header_font=&#8220;||||&#8220; body_font_select=&#8220;default&#8220; body_font=&#8220;||||&#8220; custom_button=&#8220;off&#8220; button_font_select=&#8220;default&#8220; button_font=&#8220;||||&#8220; button_use_icon=&#8220;default&#8220; button_icon_placement=&#8220;right&#8220; button_on_hover=&#8220;on&#8220;][/et_pb_slide] [/et_pb_fullwidth_slider][/et_pb_section][et_pb_section admin_label=&#8220;Sektion&#8220; fullwidth=&#8220;off&#8220; specialty=&#8220;off&#8220;][et_pb_row admin_label=&#8220;Zeile&#8220;][et_pb_column type=&#8220;3_4&#8243;][et_pb_text admin_label=&#8220;Text&#8220; background_layout=&#8220;light&#8220; text_orientation=&#8220;left&#8220; use_border_color=&#8220;off&#8220; border_color=&#8220;#ffffff&#8220; border_style=&#8220;solid&#8220;]</p>
<h3>Fotos Wanderung 2016, Schwarzwald, Baden-Baden</h3>
<p>[/et_pb_text][et_pb_gallery admin_label=&#8220;Galerie&#8220; fullwidth=&#8220;off&#8220; posts_number=&#8220;6&#8243; show_title_and_caption=&#8220;off&#8220; show_pagination=&#8220;on&#8220; background_layout=&#8220;light&#8220; auto=&#8220;off&#8220; hover_overlay_color=&#8220;rgba(255,255,255,0.9)&#8220; caption_all_caps=&#8220;off&#8220; use_border_color=&#8220;off&#8220; border_color=&#8220;#ffffff&#8220; border_style=&#8220;solid&#8220; gallery_ids=&#8220;303,351,350,349,348,347,346,345,344,343,342,341,340,339,338,337,336,335,334,333,332,331,330,329,328,327,326,324,323,322,321,320,319,318,317,316,315,314,313,312,311,310,309,308,307,306,305,304,524,525,526,527,528,529,530,531,532,533,534,535,536,537,538,539,540,541,542,543,544,545,546,547,548,549,550,551,552,553&#8243;] [/et_pb_gallery][et_pb_text admin_label=&#8220;Text&#8220; background_layout=&#8220;light&#8220; text_orientation=&#8220;left&#8220; use_border_color=&#8220;off&#8220; border_color=&#8220;#ffffff&#8220; border_style=&#8220;solid&#8220;]</p>
<h3>Portraits 2016, Schwarzwald, Baden-Baden</h3>
<p>[/et_pb_text][et_pb_gallery admin_label=&#8220;Galerie&#8220; fullwidth=&#8220;off&#8220; posts_number=&#8220;6&#8243; show_title_and_caption=&#8220;off&#8220; show_pagination=&#8220;on&#8220; background_layout=&#8220;light&#8220; auto=&#8220;off&#8220; hover_overlay_color=&#8220;rgba(255,255,255,0.9)&#8220; caption_all_caps=&#8220;off&#8220; use_border_color=&#8220;off&#8220; border_color=&#8220;#ffffff&#8220; border_style=&#8220;solid&#8220; gallery_ids=&#8220;359,360,361,362,363,364,365,366,367&#8243;] [/et_pb_gallery][/et_pb_column][et_pb_column type=&#8220;1_4&#8243;][et_pb_code admin_label=&#8220;Code&#8220;]<div id="wpc-weather-id-379" class="wpc-weather-id" data-id="379" data-post-id="255" data-map="" data-detect-geolocation="" data-manual-geolocation="" data-wpc-lat="" data-wpc-lon="" data-wpc-city-id="" data-wpc-city-name="" data-custom-font=""></div>[/et_pb_code][et_pb_text admin_label=&#8220;Text&#8220; background_layout=&#8220;light&#8220; text_orientation=&#8220;left&#8220; use_border_color=&#8220;off&#8220; border_color=&#8220;#ffffff&#8220; border_style=&#8220;solid&#8220;]</p>
<h3>Tour-Beschreibung:</h3>
<p><span class="Apple-style-span">Die erste Nacht in Baden-Baden verbringen wir im Hotel Athos, Fremersbergstraße 23, 76530 Baden-Baden. Zum Hotel gehört ein griechisches Restaurant und bevor es am Abend in Richtung Casino geht, gibt’s erst mal ordentlich Gyros und Zaziki.<br />
</span><span class="Apple-style-span">Übrigens reicht für das Casino Sakko, Hemd und Krawatte, Anzug ist nicht nötig. Am Donnerstag geht es dann von Baden-Baden in Richtung Murgtal. Wir starten mit einer Seilbahnfahrt auf den Merkur (Baden-Badener Hausberg) und wandern von dort aus weiter über Gernsbach nach Lautenbach, dem Ziel unserer ersten Etappe.<br />
Am Freitag geht es dann über die Murgleiter nach Forbach und über die Murg hinauf nach Bermersbach unserem Ziel für diesen Tag.<br />
Am Samstag laufen wir zurück in Richtung Schwarzwald Hochstraße. Dabei passieren wir Einkehrmöglichkeiten an der roten Lache sowie am Scherrhof. Wir haben noch die Möglichkeit die Geroldsauer Wasserfälle zu besichtigen, bevor wir unser Ziel, das Hotel Schwarzwaldsonne in Geroldsau erreichen, Übernachtung ca. 5 km von unserem Ausgangspunkt entfernt.<br />
Wer am Sonntag noch Zeit und Lust hat, kann dann noch das Friedrichsbad in Baden-Baden besuchen.  Der ideale Ort um nach 3 Tagen Hardcore Wandern wieder Energie zu tanken</span></p>
<h3></h3>
<p>[/et_pb_text][/et_pb_column][/et_pb_row][/et_pb_section]</p>

<p>Fotos Wanderung 2016, Schwarzwald, Baden-Baden Portraits 2016, Schwarzwald, Baden-Baden <div id="wpc-weather-id-379" class="wpc-weather-id" data-id="379" data-post-id="255" data-map="" data-detect-geolocation="" data-manual-geolocation="" data-wpc-lat="" data-wpc-lon="" data-wpc-city-id="" data-wpc-city-name="" data-custom-font=""></div> Tour-Beschreibung: Die erste Nacht in Baden-Baden verbringen wir im Hotel Athos, Fremersbergstraße 23, 76530 Baden-Baden. Zum Hotel gehört ein griechisches Restaurant und bevor es am Abend in Richtung Casino geht, gibt’s erst mal ordentlich Gyros und Zaziki. Übrigens reicht für das Casino Sakko, Hemd und [&hellip;]</p>
